 -17?
-17
Evaluate -94 + 57 + 4 - (-10 - (0 + 0)).
-23
What is the value of -17 - -21 - ((3 - 3) + -2) - -4?
10
What is the value of 1 + 8 + (-72 - (-28 + -48))?
13
What is the value of 3 + -9 + (-6 - -9) + (2 - 4)?
-5
6 - (-6 + -2) - (-1 - 15)
30
What is the value of (-1 - -5 - (69 - 65)) + 5?
5
Calculate 13 - (-10 + -90 + 92 + (1 - -1)).
19
What is (10 - 12) + -4 + 4 + -5?
-7
What is the value of (-22 - (4 - 8)) + 31?
13
What is -311 + 311 + 1 + -1?
0
0 - (-9 + (15 + -18 - (-3 - 0)))
9
1 - (6 - -4) - (0 - 1)
-8
Calculate -2 + 0 + (146 - 144) + (-3 - 0).
-3
Evaluate (2 - 1) + (-1 - (-11 + 6)) + 3.
8
Calculate -6 + (53 - 1 - 17) + -2.
27
Evaluate (18 - 7) + -138 + 145.
18
What is the value of 9 - 24 - (3 + -2) - -8?
-8
Evaluate (8 - 18) + (-4 + 1 - -10).
-3
6 - 14 - (-69 - -80)
-19
What is the value of 8 + 1 + 16 + (-11 - -5) - -9?
28
10 + (-3 - (11 - 6)) + 12
14
What is 26 - -2 - 3 - 51?
-26
Evaluate 4 - ((-9 - (1 + 2)) + -27 + 25).
18
Evaluate (-4 - (8 + -7 + -3)) + (-2 - 7).
-11
What is the value of 3 - 10 - ((-41 - -18) + 15)?
1
What is the value of 42 - 13 - 47 - -11?
-7
Calculate -46 - -54 - (25 - 0) - -8.
-9
What is the value of -9 + 18 + -9 + -4 + 6?
2
What is 0 - -7 - (-7 + 11 + -2)?
5
-29 - (-47 - (-20 - 3))
-5
-8 + (-27 - -20) + (12 - 0)
-3
What is 17 + (3 + -28 - (-10 - 5))?
7
What is -4 - (19 + -22) - (21 + -3)?
-19
Calculate -5 - (-1 + 1) - (7 - (8 + -3)).
-7
-1 + -1 + -1 + (25 - 10)
12
What is the value of -4 - (1 + -1) - (62 - 71 - 15)?
20
What is 0 - (0 - -1) - (7 + -20 + 25)?
-13
What is 1 + -10 - (-86 + 69)?
8
(-2 - -18) + (0 - 9) + 17 - 9
15
What is -29 + (49 - 16 - 25)?
-21
Calculate -11 + 32 + -34 - (3 + 0).
-16
Evaluate -7 + (-1 - (13 + -9)).
-12
Calculate 0 - ((7 - 11) + -2) - (61 + -69).
14
What is -6 - (-15 - -2 - (13 + 1 - 14))?
7
20 + 17 + 15 + -67
-15
-33 + (3 - 1 - -9 - -6)
-16
Evaluate 5 + 8 + -10 + -13.
-10
Calculate -6 + -7 + (-6 - -19).
0
(7 - 7 - -5) + (3 + 1 - -10)
19
What is the value of -8 - (14 - (-8 - -23))?
-7
-1 + -1 - ((1 - (-6 + 15)) + 12)
-6
What is the value of 3 + -9 + 11 - (1 - 5)?
9
What is the value of -189 + 186 + (-4 + -2 - -38)?
29
What is the value of 29 + (-34 - 23) + 5?
-23
Evaluate 13 + 3 + -26 + 7 + -2 + -9.
-14
What is the value of 14 + -10 + (19 - 12)?
11
Evaluate 4 + -2 + 26 + (-24 - 11).
-7
-3 - (-16 - (-32 + 8))
-11
Calculate (-24 - (5 - 41)) + 9.
21
Evaluate -12 - (6 - 16) - (-4 - 0).
2
What is the value of (54 - 79) + 9 + (0 - 2)?
-18
Evaluate 605 - 591 - (1 + -11).
24
What is the value of -4 - (22 + (-3 - 8 - -18))?
-33
Evaluate -5 - (11 + (-8 + (5 - -2) - 4)).
-11
Evaluate -8 - (-3 + -4) - (-3 + (-1 - -3)).
0
13 - (0 + 30 - (-194 - -205))
-6
(10 + -8 - 13) + 3 + -1
-9
Calculate (10 - (9 + -6)) + -11.
-4
Calculate -13 - (-16 - -62 - 36).
-23
Calculate 2 + (-62 + 33 - -14).
-13
What is the value of -32 + 1 - (-108 + 71)?
6
What is -16 - (0 - (12 + (-4 - 5)))?
-13
Calculate -280 + 283 - (-1 - -10) - (1 + 2).
-9
What is the value of -2 + -24 + 25 + 19?
18
Calculate -1 + 25 + -2 - (51 - 41).
12
What is the value of (-2 - (-6 - (-4 + 3))) + 0 + -7?
-4
2 + (18 - (9 + 13) - (14 - 1))
-15
What is -73 + 75 + (2 - -2 - (29 - 20))?
-3
What is the value of 0 + -41 + 1664 + -1632?
-9
Calculate (591 - 605) + (1 + 10 - (-1 - -4)).
-6
-4 - (-16 - (-9 - -1 - (-59 - -45)))
18
Evaluate (-7 - -39) + -30 + (2 - -14).
18
Evaluate 6 + (-25 - -31 - (-1 - -12)) - -5.
6
-9 - (16 - (17 - (-11 + 21)))
-18
Evaluate 1 + (0 - 25) + (62 - 22) + -32.
-16
Evaluate (3 - (-19 + 42)) + 12 + -1.
-9
4 + -78 + 31 - -32
-11
What is the value of 12 + (-6 - 5) - (-16 + 2 + -1)?
16
Calculate (2 - 2) + -4 - (-3 - -1) - -7.
5
Evaluate (-179 + 189 - (12 + -1)) + (0 - -3).
2
What is (-11 - (-8 + 8)) + (-8 - (-4 - -1))?
-16
-2 + -5 + 2 + 9 - 2
2
Calculate -449 + 455 - (21 + 3 + (1 - 2)).
-17
What is 77 - (130 - 47) - (-12 - (0 - -1))?
7
What is (-22 - (-30 + -9)) + 3?
20
What is -40 - (9 + 14 - 58)?
-5
What is the value of 4 - 2 - (-5 + (-3 - -13))?
-3
Calculate 25 - (25 - -30) - -19.
-11
Calculate 27 + (-7 - (-6 + -12) - (5 - -5)).
28
Calculate -15 + (-7 - -21 - 13).
-14
Calculate 37 - -4 - (302 - 228).
-33
What is -3 - -1 - (-79 + 56)?
21
-5 + (-2 - 6) + (2 - (8 - 19))
0
Evaluate 0 - 39 - (351 - 371).
-19
45 + -57 + (36 - 0)
24
Calculate -54 - -57 - (-2 + -4 + -2).
11
What is the value of -80 - -89 - (22 + (0 - -8))?
-21
Evaluate 17 - 40 - 13 - -20.
-16
19 + -7 + (-3 - -7) + 0 - 4
12
Calculate 1 + (-33 - -23) - -21.
12
Evaluate 2 + -1 + -1 - (-749 - -763).
-14
What is the value of -2 - 46 - (-188 + 158)?
-18
Evaluate 21 + -3 + -4 - (-5 + -4 + 3).
20
Calculate -7 + (8 + -10 - -9).
0
What is the value of -10 - ((4 - 4 - 1) + 5)?
-14
What is 1 - (-153 + 143 + -2 + -1)?
14
What is 32 - (17 + -12) - 20?
7
7 - 10 - (0 + -2 - -5)
-6
Evaluate 5 - 4 - (2 - 13).
12
What is (-2 - -2) + 7 + (5 - 27 - -5)?
-10
Evaluate -13 + 19 - 1 - (5 - -11).
-11
-21 - -4 - -17 - -9
9
What is 11 - (21 + -8 - 0)?
-2
-1 + 4 + 34 + -23
14
6 + 2 + -1 + (-17 - 0) + 11
1
Evaluate 7 + -3 + (-8 - (-5 + -1)).
2
Calculate -10 - (17 - 16 - (15 - -2)).
6
0 - (1 - (7 + (3 - 8) + 10))
11
Calculate -38 - -43 - (2 - 4 - 2 - -11).
-2
Calculate 1 + -12 + (12 - -11 - 12).
0
What is -51 - -41 - (-22 + (-2 - -2))?
12
Evaluate -6 + 0 + -2 - (-13 + 22).
-17
What is (1 - 1) + (4 - (12 + 3 + -5))?
-6
Calculate 3 - 5 - -4 - (-20 + 12 - -6).
4
What is 5 + -6 + (9 - 1)?
7
Evaluate (-10 - 1) + 10 + -9 + -12 + 4.
-18
Calculate -17 + 0 + (-452 - -464).
-5
(-32 - -35 - 6) + 23 + 0
20
Evaluate 0 + (-10 - (2 - 1)) + (-525 - -535).
-1
-142 + 135 + (1 - (1 + 3) - 1)
-11
Calculate -5 + 16 + -25 + (3 - -3).
-8
13 - -1 - 2 - (-381 - -374)
19
What is -2 + -26 - ((10 - (-3 + 17)) + -4)?
-20
2 + -4 - (-40 - -35)
3
Evaluate 20 + -15 - 21 - -21.
5
What is the value of (14 + -14 - 13 - (-6 - -3)) + -8?
-18
-10 + (5 - 20) + 7
-18
What is (7 - -22 - 4) + -9 + 4 - 5?
15
Evaluate 25 + -11 + (-10 - 0).
4
2 + (-1 - (-2 + 1)) - (-12 - 13)
27
What is the value of (3 - 6) + (11 - 4) - 8?
-4
(6 + -11 - (0 - 4)) + -4 + -6
-11
-5 - -12 - (5 + -9 + 5)
6
What is the value of -29 + 22 + 45 + -65?
-27
What is 0 + 3 - (13 + -22 + 11)?
1
Evaluate 18 - 2 - 11 - -4.
9
What is -5 + (-5 - 5) - (7 - 14)?
-8
0 - -4 - (-22 + (50 - 19))
-5
Calculate 5 - (-5 + (-3 - 0) + (-33 - -66)).
-20
Calculate (31 - 14) + 0 - (5 + 3 + -1).
10
Evaluate 24 - (-1 - (-2 - (7 + -13))).
29
What is -16 - ((-19 - (-15 - (-1 + -3))) + 0)?
-8
What is the value of 8 - (20 + -18 + 10 + -8)?
4
What is 11 + (-2 + -3 - -2) + (14 - 19)?
3
What is the value of (17 - 34) + 12 + -15 + 1?
-19
What is the value of -1 + (54 - 50) + -12 + 2?
-7
Evaluate 3 - (-11 + 15 + 1 - (5 + -1)).
2
What is -7 + (17 - 10) - ((-2 - -3) + 13)?
-14
What is the value of (15 - -10) + (-24 - -6) + (13 - -1)?
21
-8 + -7 + -11 + 35
9
What is the value of 42 - (25 - (-31 - -24))?
10
Evaluate -1 + (9 - -5) - (2 + -1 + 5).
7
What is the value of -3 - (-3 + (0 - 12 - 1))?
13
What is the value of (-16 + -11 - -28) + (3 - -2)?
6
Evaluate (-2 - -8 - 18 - -32) + -11 + 20.
29
What is (4 - -15) + -34 - -26?
11
Calculate -4 - 2 - ((2 - 7) + -17 + 27).
-11
What is the value of -10 + 6 + 11 + 36 + -20?
23
What is the value of (-15 - -16) + -2 + -1 + -6?
-8
Evaluate (-8 - 4 - -16) + (-1 + -2 - -9).
10
-40 - (-46 - (28 - 32))
2
What is 0 + 0 - ((-5 - -34) + -22) - -4?
-3
Calculate -1 + 3 + -12 + (22 - 3) + 5.
14
What is the value of 5 + -82 + 18 - (-16 + -3)?
-40
What is the value of 40 - (62 + (-21 - 4))?
3
3 + (-39 - -32) + -2 + 4 + -2
-4
Calculate 14 + (-7 + 22 - 48).
-19
What is the value of 7 + (-21 - (-10 + -2) - (1 + -3))?
0
Calculate -1 + (-2 - 5) + -12 + 7 + 2.
-11
Evaluate -1 + 2 + -19 + 10 + -4.
-12
Evaluate -23 + 38 + (5 - 36).
-16
What is the value of (-2 - 5) + (-4 - (-2 - 0) - 1)?
-10
Calculate 57 + (-52 - -1) + 19.
25
What is -18 - (33 + -20 + -22)?
-9
Evaluate (3 - -4) + (-18 - (-3 + -1)) + -6.
-13
Calculate 7 + (-16 - -10) + (-1 - -12).
12
(29 - -2) + -20 - (5 + 0)
6
0 + -5 + (3 - 15)
-17
17 + (32 - 12) + -30
7
Calculate -224 - -223 - (9 - (-7 - -4)).
-13
Evaluate 12 - (1 - (-3 + 8 - 16)).
0
Calculate (9 - -26) + 10 + -5 + 1 - 6.
35
What is the value of -18 + (43 + -20 - 37)?
-32
Evaluate -8 + (-10 - -17) - -1.
0
Evaluate 0 - 8 - (4 + -7).
-5
Evaluate 1 + -6 + 2 + 7 - 2.